{"id":8,"date":"2022-03-09T11:15:11","date_gmt":"2022-03-09T10:15:11","guid":{"rendered":"http:\/\/3dlab.link\/?page_id=8"},"modified":"2025-11-25T23:14:39","modified_gmt":"2025-11-25T22:14:39","slug":"pagina-principal","status":"publish","type":"page","link":"https:\/\/3dlab.link\/","title":{"rendered":"\u00a1Bienvenido!"},"content":{"rendered":"\n<p><strong><em>Tu taller de ciclo completo:  Desde el Impresi\u00f3n 3D hasta la electr\u00f3nica compleja<\/em><\/strong><\/p>\n\n\n\n<p><br>\u00bfTienes una idea pero te falta el equipo, la experiencia o los conocimientos necesarios? Somos tu departamento de ingenier\u00eda externalizado.<\/p>\n\n\n\n<p><strong><em>Hacemos realidad tus proyectos gracias a:<\/em><\/strong><\/p>\n\n\n\n<ol class=\"wp-block-list\">\n<li>Impresi\u00f3n y grabado:<\/li>\n<\/ol>\n\n\n\n<p>Creamos un prototipo digital y lo imprimimos en una impresora FDM.<\/p>\n\n\n\n<p>Imprimimos con precisi\u00f3n de joyero en una impresora DLP.<\/p>\n\n\n\n<p>Aplicamos tu logotipo en una taza, una camiseta o lo grabamos al l\u00e1ser sobre cristal.<\/p>\n\n\n\n<ol start=\"2\" class=\"wp-block-list\">\n<li>Reparaci\u00f3n y configuraci\u00f3n de impresoras 3D:<\/li>\n<\/ol>\n\n\n\n<p>\u00bfNo imprime? \u00bfPierde pasos? \u00bfHace ruido? \u00bfImprime con errores o muy lento? Hacemos un diagn\u00f3stico y lo solucionamos.<\/p>\n\n\n\n<p>\u00bfQuieres imprimir m\u00e1s r\u00e1pido y con mejor calidad? Instalamos Klipper, configuramos la interfaz y hacemos que tu impresi\u00f3n sea r\u00e1pida, precisa y silenciosa.<\/p>\n\n\n\n<ol start=\"3\" class=\"wp-block-list\">\n<li>Creaci\u00f3n de dispositivos electr\u00f3nicos:<\/li>\n<\/ol>\n\n\n\n<p>\u00bfNecesitas una placa fiable? Dise\u00f1amos, fabricamos placas de circuito impreso de doble cara y las testeamos. Nos encargamos de la soldadura de componentes SMD seg\u00fan tus esquemas.<br>\u00bfQuieres ahorrar tiempo y esfuerzo?<\/p>\n\n\n\n<p>No solo ofrecemos servicios, ofrecemos resultados. Nosotros nos ocupamos de los desaf\u00edos t\u00e9cnicos para que t\u00fa puedas concentrarte en la creatividad y el crecimiento de tu negocio.<\/p>\n\n\n\n<p class=\"has-text-align-right\"><strong><em>\u00a1Estar\u00e9 encantado de ayudarte!<\/em><\/strong><\/p>\n\n\n\n<p><\/p>\n","protected":false},"excerpt":{"rendered":"<p>Tu taller de ciclo completo: Desde el Impresi\u00f3n 3D hasta la electr\u00f3nica compleja \u00bfTienes una idea pero te falta el equipo, la experiencia o los conocimientos necesarios? Somos tu departamento de ingenier\u00eda externalizado. Hacemos realidad tus proyectos gracias a: Creamos un prototipo digital y lo imprimimos en una impresora FDM. Imprimimos con precisi\u00f3n de joyero &hellip; <\/p>\n<p class=\"link-more\"><a href=\"https:\/\/3dlab.link\/\" class=\"more-link\">Continuar leyendo<span class=\"screen-reader-text\"> \u00ab\u00a1Bienvenido!\u00bb<\/span><\/a><\/p>\n","protected":false},"author":1,"featured_media":80,"parent":0,"menu_order":0,"comment_status":"closed","ping_status":"closed","template":"","meta":{"footnotes":""},"class_list":["post-8","page","type-page","status-publish","has-post-thumbnail","hentry"],"jetpack_sharing_enabled":true,"_links":{"self":[{"href":"https:\/\/3dlab.link\/index.php?rest_route=\/wp\/v2\/pages\/8","targetHints":{"allow":["GET"]}}],"collection":[{"href":"https:\/\/3dlab.link\/index.php?rest_route=\/wp\/v2\/pages"}],"about":[{"href":"https:\/\/3dlab.link\/index.php?rest_route=\/wp\/v2\/types\/page"}],"author":[{"embeddable":true,"href":"https:\/\/3dlab.link\/index.php?rest_route=\/wp\/v2\/users\/1"}],"replies":[{"embeddable":true,"href":"https:\/\/3dlab.link\/index.php?rest_route=%2Fwp%2Fv2%2Fcomments&post=8"}],"version-history":[{"count":18,"href":"https:\/\/3dlab.link\/index.php?rest_route=\/wp\/v2\/pages\/8\/revisions"}],"predecessor-version":[{"id":523,"href":"https:\/\/3dlab.link\/index.php?rest_route=\/wp\/v2\/pages\/8\/revisions\/523"}],"wp:featuredmedia":[{"embeddable":true,"href":"https:\/\/3dlab.link\/index.php?rest_route=\/wp\/v2\/media\/80"}],"wp:attachment":[{"href":"https:\/\/3dlab.link\/index.php?rest_route=%2Fwp%2Fv2%2Fmedia&parent=8"}],"curies":[{"name":"wp","href":"https:\/\/api.w.org\/{rel}","templated":true}]}}