{"id":57,"date":"2022-04-25T21:01:03","date_gmt":"2022-04-25T20:01:03","guid":{"rendered":"http:\/\/3dlab.link\/?page_id=57"},"modified":"2023-12-14T03:52:30","modified_gmt":"2023-12-14T02:52:30","slug":"impresion-por-sublimacion","status":"publish","type":"page","link":"https:\/\/3dlab.link\/?page_id=57","title":{"rendered":"Impresi\u00f3n por sublimaci\u00f3n"},"content":{"rendered":"\n<p>Impresi\u00f3n por sublimaci\u00f3n seg\u00fan tus fotos o dibujos en:<br>-tazas, platos, azulejos, paneles decorativos,<br>-camisetas, camisas, sudaderas, bandoleras<br>-bol\u00edgrafos, l\u00e1pices, sombreros, placas de metal, etc&#8230;<\/p>\n\n\n\n<p><strong>\u00a1No retengas tu fantas\u00eda!<\/strong><\/p>\n","protected":false},"excerpt":{"rendered":"<p>Impresi\u00f3n por sublimaci\u00f3n seg\u00fan tus fotos o dibujos en:-tazas, platos, azulejos, paneles decorativos,-camisetas, camisas, sudaderas, bandoleras-bol\u00edgrafos, l\u00e1pices, sombreros, placas de metal, etc&#8230; \u00a1No retengas tu fantas\u00eda!<\/p>\n","protected":false},"author":1,"featured_media":82,"parent":8,"menu_order":0,"comment_status":"closed","ping_status":"closed","template":"","meta":{"footnotes":""},"class_list":["post-57","page","type-page","status-publish","has-post-thumbnail","hentry"],"jetpack_sharing_enabled":true,"_links":{"self":[{"href":"https:\/\/3dlab.link\/index.php?rest_route=\/wp\/v2\/pages\/57","targetHints":{"allow":["GET"]}}],"collection":[{"href":"https:\/\/3dlab.link\/index.php?rest_route=\/wp\/v2\/pages"}],"about":[{"href":"https:\/\/3dlab.link\/index.php?rest_route=\/wp\/v2\/types\/page"}],"author":[{"embeddable":true,"href":"https:\/\/3dlab.link\/index.php?rest_route=\/wp\/v2\/users\/1"}],"replies":[{"embeddable":true,"href":"https:\/\/3dlab.link\/index.php?rest_route=%2Fwp%2Fv2%2Fcomments&post=57"}],"version-history":[{"count":4,"href":"https:\/\/3dlab.link\/index.php?rest_route=\/wp\/v2\/pages\/57\/revisions"}],"predecessor-version":[{"id":133,"href":"https:\/\/3dlab.link\/index.php?rest_route=\/wp\/v2\/pages\/57\/revisions\/133"}],"up":[{"embeddable":true,"href":"https:\/\/3dlab.link\/index.php?rest_route=\/wp\/v2\/pages\/8"}],"wp:featuredmedia":[{"embeddable":true,"href":"https:\/\/3dlab.link\/index.php?rest_route=\/wp\/v2\/media\/82"}],"wp:attachment":[{"href":"https:\/\/3dlab.link\/index.php?rest_route=%2Fwp%2Fv2%2Fmedia&parent=57"}],"curies":[{"name":"wp","href":"https:\/\/api.w.org\/{rel}","templated":true}]}}